{"id":114,"date":"2015-06-04T21:42:03","date_gmt":"2015-06-04T19:42:03","guid":{"rendered":"http:\/\/klokkarvik.norplex.demo1.no\/?page_id=114"},"modified":"2023-11-08T12:15:52","modified_gmt":"2023-11-08T11:15:52","slug":"skulemusikken","status":"publish","type":"page","link":"https:\/\/www.klokkarvik.no\/?page_id=114","title":{"rendered":"Skulemusikken"},"content":{"rendered":"<p style=\"text-align: left;\">Sund Skulemusikk var st\u00f8rste korpset i kommunen og mange av oss har tr\u00e5kka nokon km p\u00e5 17. mai gjennom tidene\u00a0 \ud83d\ude42<\/p>\n<figure id=\"attachment_116\" aria-describedby=\"caption-attachment-116\" style=\"width: 600px\" class=\"wp-caption alignnone\"><a href=\"http:\/\/klokkarvik.norplex.demo1.no\/wp-content\/uploads\/2015\/06\/skolemusikken.jpg\"><img loading=\"lazy\" decoding=\"async\" class=\"size-full wp-image-116\" src=\"http:\/\/klokkarvik.norplex.demo1.no\/wp-content\/uploads\/2015\/06\/skolemusikken.jpg\" alt=\"Skulemusikken ca 1980\" width=\"600\" height=\"471\" srcset=\"https:\/\/www.klokkarvik.no\/wp-content\/uploads\/2015\/06\/skolemusikken.jpg 600w, https:\/\/www.klokkarvik.no\/wp-content\/uploads\/2015\/06\/skolemusikken-300x236.jpg 300w\" sizes=\"auto, (max-width: 600px) 100vw, 600px\" \/><\/a><figcaption id=\"caption-attachment-116\" class=\"wp-caption-text\">Skulemusikken ca 1980<\/figcaption><\/figure>\n<p style=\"text-align: left;\">Skulemusikken rundt 1980, n<span style=\"font-size: 1.125rem;\">okon som kjenne seg igjen?<\/span><\/p>\n<figure id=\"attachment_118\" aria-describedby=\"caption-attachment-118\" style=\"width: 600px\" class=\"wp-caption alignleft\"><a href=\"http:\/\/klokkarvik.norplex.demo1.no\/wp-content\/uploads\/2015\/06\/skolemusikken1.jpg\"><img loading=\"lazy\" decoding=\"async\" class=\"size-full wp-image-118\" src=\"http:\/\/klokkarvik.norplex.demo1.no\/wp-content\/uploads\/2015\/06\/skolemusikken1.jpg\" alt=\"Sund Skulemusikk\" width=\"600\" height=\"633\" srcset=\"https:\/\/www.klokkarvik.no\/wp-content\/uploads\/2015\/06\/skolemusikken1.jpg 600w, https:\/\/www.klokkarvik.no\/wp-content\/uploads\/2015\/06\/skolemusikken1-284x300.jpg 284w\" sizes=\"auto, (max-width: 600px) 100vw, 600px\" \/><\/a><figcaption id=\"caption-attachment-118\" class=\"wp-caption-text\">Sund Skulemusikk<\/figcaption><\/figure>\n","protected":false},"excerpt":{"rendered":"<p>Sund Skulemusikk var st\u00f8rste korpset i kommunen og mange av oss har tr\u00e5kka nokon km p\u00e5 17. mai gjennom tidene\u00a0 \ud83d\ude42 Skulemusikken rundt 1980, nokon &hellip; <\/p>\n","protected":false},"author":2,"featured_media":0,"parent":90,"menu_order":2,"comment_status":"closed","ping_status":"closed","template":"","meta":{"footnotes":""},"class_list":["post-114","page","type-page","status-publish","hentry"],"publishpress_future_action":{"enabled":false,"date":"2026-05-09 00:26:39","action":"change-status","newStatus":"draft","terms":[],"taxonomy":"","extraData":[]},"publishpress_future_workflow_manual_trigger":{"enabledWorkflows":[]},"_links":{"self":[{"href":"https:\/\/www.klokkarvik.no\/index.php?rest_route=\/wp\/v2\/pages\/114","targetHints":{"allow":["GET"]}}],"collection":[{"href":"https:\/\/www.klokkarvik.no\/index.php?rest_route=\/wp\/v2\/pages"}],"about":[{"href":"https:\/\/www.klokkarvik.no\/index.php?rest_route=\/wp\/v2\/types\/page"}],"author":[{"embeddable":true,"href":"https:\/\/www.klokkarvik.no\/index.php?rest_route=\/wp\/v2\/users\/2"}],"replies":[{"embeddable":true,"href":"https:\/\/www.klokkarvik.no\/index.php?rest_route=%2Fwp%2Fv2%2Fcomments&post=114"}],"version-history":[{"count":6,"href":"https:\/\/www.klokkarvik.no\/index.php?rest_route=\/wp\/v2\/pages\/114\/revisions"}],"predecessor-version":[{"id":1497,"href":"https:\/\/www.klokkarvik.no\/index.php?rest_route=\/wp\/v2\/pages\/114\/revisions\/1497"}],"up":[{"embeddable":true,"href":"https:\/\/www.klokkarvik.no\/index.php?rest_route=\/wp\/v2\/pages\/90"}],"wp:attachment":[{"href":"https:\/\/www.klokkarvik.no\/index.php?rest_route=%2Fwp%2Fv2%2Fmedia&parent=114"}],"curies":[{"name":"wp","href":"https:\/\/api.w.org\/{rel}","templated":true}]}}

<p style="text-align: left;">Sund Skulemusikk var største korpset i kommunen og mange av oss har tråkka nokon km på 17. mai gjennom tidene  🙂</p>
<figure id="attachment_116" aria-describedby="caption-attachment-116" style="width: 600px" class="wp-caption alignnone"><a href="http://klokkarvik.norplex.demo1.no/wp-content/uploads/2015/06/skolemusikken.jpg"><img loading="lazy" decoding="async" class="size-full wp-image-116" src="http://klokkarvik.norplex.demo1.no/wp-content/uploads/2015/06/skolemusikken.jpg" alt="Skulemusikken ca 1980" width="600" height="471" srcset="https://www.klokkarvik.no/wp-content/uploads/2015/06/skolemusikken.jpg 600w, https://www.klokkarvik.no/wp-content/uploads/2015/06/skolemusikken-300x236.jpg 300w" sizes="auto, (max-width: 600px) 100vw, 600px" /></a><figcaption id="caption-attachment-116" class="wp-caption-text">Skulemusikken ca 1980</figcaption></figure>
<p style="text-align: left;">Skulemusikken rundt 1980, n<span style="font-size: 1.125rem;">okon som kjenne seg igjen?</span></p>
<figure id="attachment_118" aria-describedby="caption-attachment-118" style="width: 600px" class="wp-caption alignleft"><a href="http://klokkarvik.norplex.demo1.no/wp-content/uploads/2015/06/skolemusikken1.jpg"><img loading="lazy" decoding="async" class="size-full wp-image-118" src="http://klokkarvik.norplex.demo1.no/wp-content/uploads/2015/06/skolemusikken1.jpg" alt="Sund Skulemusikk" width="600" height="633" srcset="https://www.klokkarvik.no/wp-content/uploads/2015/06/skolemusikken1.jpg 600w, https://www.klokkarvik.no/wp-content/uploads/2015/06/skolemusikken1-284x300.jpg 284w" sizes="auto, (max-width: 600px) 100vw, 600px" /></a><figcaption id="caption-attachment-118" class="wp-caption-text">Sund Skulemusikk</figcaption></figure>

<p>Sund Skulemusikk var største korpset i kommunen og mange av oss har tråkka nokon km på 17. mai gjennom tidene  🙂 Skulemusikken rundt 1980, nokon &hellip; </p>
